lions digit of 2609405851?
2
What is the hundred thousands digit of 1366421679?
4
What is the ten thousands digit of 6244202?
4
What is the ten millions digit of 778955494?
7
What is the units digit of 76732738?
8
What is the hundreds digit of 2876381977?
9
What is the hundred thousands digit of 1152713633?
7
What is the hundred millions digit of 171335999?
1
What is the ten thousands digit of 244942837?
4
What is the thousands digit of 196654689?
4
What is the hundreds digit of 80561455?
4
What is the units digit of 857185684?
4
What is the hundreds digit of 1963011692?
6
What is the ten millions digit of 52233460?
5
What is the hundreds digit of 6515926139?
1
What is the units digit of 2650870666?
6
What is the tens digit of 72601186?
8
What is the ten thousands digit of 2845400312?
0
What is the millions digit of 477676192?
7
What is the millions digit of 1469867122?
9
What is the thousands digit of 5105684?
5
What is the billions digit of 2968735915?
2
What is the hundreds digit of 365060667?
6
What is the units digit of 940167637?
7
What is the hundreds digit of 46309025?
0
What is the units digit of 22143946?
6
What is the hundred millions digit of 3521327660?
5
What is the millions digit of 3626666546?
6
What is the millions digit of 1586253012?
6
What is the ten millions digit of 36576383?
3
What is the hundred millions digit of 340532798?
3
What is the units digit of 100327919?
9
What is the hundreds digit of 105809199?
1
What is the hundreds digit of 896434202?
2
What is the hundred millions digit of 156881809?
1
What is the units digit of 125567977?
7
What is the hundreds digit of 2630177715?
7
What is the thousands digit of 2819843750?
3
What is the tens digit of 556858983?
8
What is the ten millions digit of 349125168?
4
What is the units digit of 486109079?
9
What is the billions digit of 6705576470?
6
What is the billions digit of 7757936912?
7
What is the ten millions digit of 444541845?
4
What is the hundreds digit of 256108661?
6
What is the ten thousands digit of 141534410?
3
What is the ten millions digit of 858762550?
5
What is the tens digit of 939803395?
9
What is the millions digit of 466824870?
6
What is the units digit of 146766815?
5
What is the units digit of 34416709?
9
What is the tens digit of 592704710?
1
What is the ten millions digit of 416433534?
1
What is the ten millions digit of 1278245303?
7
What is the thousands digit of 27951542?
1
What is the units digit of 130306517?
7
What is the hundred thousands digit of 227581751?
5
What is the tens digit of 37566024?
2
What is the hundred thousands digit of 66348211?
3
What is the ten thousands digit of 58821248?
2
What is the units digit of 1780271586?
6
What is the ten thousands digit of 59248097?
4
What is the hundred thousands digit of 6122593315?
5
What is the ten thousands digit of 1707364995?
6
What is the tens digit of 10987933?
3
What is the hundreds digit of 951586299?
2
What is the billions digit of 1514332852?
1
What is the units digit of 125512094?
4
What is the tens digit of 257590421?
2
What is the hundred millions digit of 1535473428?
5
What is the millions digit of 58122435?
8
What is the millions digit of 1733217290?
3
What is the ten millions digit of 2971819122?
7
What is the tens digit of 3249678391?
9
What is the ten millions digit of 1562237741?
6
What is the hundred millions digit of 112630846?
1
What is the tens digit of 5084577840?
4
What is the units digit of 2375480664?
4
What is the ten thousands digit of 747164046?
6
What is the millions digit of 100088973?
0
What is the tens digit of 27596753?
5
What is the hundreds digit of 58584224?
2
What is the hundred thousands digit of 1041754653?
7
What is the tens digit of 6466623817?
1
What is the hundreds digit of 275971722?
7
What is the hundred thousands digit of 1714205206?
2
What is the millions digit of 1154247458?
4
What is the hundred thousands digit of 141861351?
8
What is the thousands digit of 243738910?
8
What is the units digit of 35426438?
8
What is the tens digit of 826937145?
4
What is the units digit of 1081104522?
2
What is the thousands digit of 105553319?
3
What is the hundred thousands digit of 14805582?
8
What is the ten millions digit of 36749081?
3
What is the ten thousands digit of 620600344?
0
What is the hundreds digit of 7098933836?
8
What is the ten millions digit of 144716755?
4
What is the ten thousands digit of 3893118038?
1
What is the tens digit of 3940923522?
2
What is the hundreds digit of 21671001?
0
What is the units digit of 714891122?
2
What is the units digit of 32934500?
0
What is the millions digit of 2457150899?
7
What is the hundred millions digit of 446552338?
4
What is the hundred thousands digit of 203006079?
0
What is the hundreds digit of 1396710?
7
What is the tens digit of 1470386500?
0
What is the hundred thousands digit of 1655182495?
1
What is the units digit of 21633474?
4
What is the ten millions digit of 172365773?
7
What is the ten millions digit of 5599515105?
9
What is the millions digit of 322128077?
2
What is the tens digit of 1293753212?
1
What is the tens digit of 21573846?
4
What is the thousands digit of 6707033328?
3
What is the millions digit of 215023803?
5
What is the ten millions digit of 117833880?
1
What is the tens digit of 107549468?
6
What is the ten millions digit of 3945013979?
4
What is the thousands digit of 60788340?
8
What is the thousands digit of 35059183?
9
What is the hundreds digit of 61993808?
8
What is the millions digit of 178682037?
8
What is the hundred thousands digit of 307401841?
4
What is the ten millions digit of 153802889?
5
What is the hundreds digit of 403877634?
6
What is the units digit of 176158351?
1
What is the billions digit of 2339213793?
2
What is the hundred millions digit of 670069074?
6
What is the billions digit of 1132577356?
1
What is the hundreds digit of 1760276569?
5
What is the hundred millions digit of 1227882269?
2
What is the ten thousands digit of 64446115?
4
What is the thousands digit of 2864742985?
2
What is the hundred thousands digit of 22014591?
0
What is the ten thousands digit of 10710668?
1
What is the ten millions digit of 380072026?
8
What is the millions digit of 5909448981?
9
What is the ten millions digit of 100933523?
0
What is the units digit of 205404200?
0
What is the hundreds digit of 47858361?
3
What is the ten millions digit of 2806853831?
0
What is the thousands digit of 275075590?
5
What is the ten millions digit of 2252663540?
5
What is the millions digit of 6765349008?
5
What is the tens digit of 150910664?
6
What is the hundred millions digit of 164200612?
1
What is the tens digit of 79388984?
8
What is the thousands digit of 1415840894?
0
What is the thousands digit of 859224934?
4
What is the units digit of 4389211768?
8
What is the ten thousands digit of 2641920970?
2
What is the millions digit of 171249382?
1
What is the units digit of 187534210?
0
What is the millions digit of 39694405?
9
What is the thousands digit of 623123913?
3
What is the thousands digit of 302679029?
9
What is the millions digit of 79931332?
9
What is the tens digit of 73445402?
0
What is the ten thousands digit of 139019226?
1
What is the ten thousands digit of 688355040?
5
What is the units digit of 432618936?
6
What is the ten thousands digit of 5804542?
0
What is the millions digit of 107049398?
7
What is the hundred millions digit of 2112270716?
1
What is the ten thousands digit of 713037070?
3
What is the ten millions digit of 26607009?
2
What is the ten thousands digit of 2149954892?
5
What is the thousands digit of 72168424?
8
What is the ten millions digit of 25616588?
2
What is the tens digit of 44810403?
0
What is the hundred millions digit of 2752602975?
7
What is the millions digit of 166006120?
6
What is the ten millions digit of 165390670?
6
What is the ten thousands digit of 10374799?
7
What is the millions digit of 829017713?
9
What is the ten thousands digit of 28031366?
3
What is the hundreds digit of 60545068?
0
What is the hundreds digit of 1565090647?
6
What is the units digit of 133537900?
0
What is the ten millions digit of 4335137278?
3
What is the hundred thousands digit of 2295117950?
1
What is the billions digit of 1191025658?
1
What 